 1). Let n(k) = 6*k**2 - 17*k + 1. Let s be n(g). Calculate z(s).
-6
Let k(s) = 185*s - 549. Let c be k(3). Let n(w) = -w**3 + 6*w**2 - w + 26. Determine n(c).
20
Let k(p) be the second derivative of p**5/60 - 5*p**4/24 - p**3 - 11*p**2 - p + 15. Let x(y) be the first derivative of k(y). Calculate x(6).
0
Let d be (-10)/(-3)*(-72)/(-10). Suppose d*c = 57*c - 297. Let p(l) = l**2 - 9*l - 11. What is p(c)?
-11
Let s(c) = 3*c + 38085 - 4*c - 38053 + 12*c. Let o(j) be the third derivative of 5*j**4/24 + 8*j**3/3 - 2*j**2. Let k(l) = -9*o(l) + 4*s(l). Give k(0).
-16
Let l(h) = -2*h**3 + 91*h**2 - 56*h + 492. Let d be l(45). Let t(q) = 0*q - 4*q + 5 - 3. Determine t(d).
14
Let b(r) = r**3 - 4 - 8 + 10 - r**2 + 2*r. Let v(i) = 8*i**2 + 6*i - 6. Let h be v(1). Suppose 8*f - 4*f = h. Determine b(f).
6
Let s = 755 + -758. Let m(g) = -35*g**3 - 3*g. Let w(t) = 2*t**3 + t. Let f(z) = s*w(z) - m(z). Give f(1).
29
Let j(n) = 9*n + 7. Let a(h) = -5*h - 4. Let d(w) = 5*a(w) + 3*j(w). Let g be 5/(50/4)*20. Suppose -3 = -3*m + 3, s - g = -5*m. Calculate d(s).
-3
Let f be ((-9)/6)/(((-99)/(-22))/(-9)). Let v(j) = j**3 - 3*j**2 + 4*j - 3. What is v(f)?
9
Let i(f) = 3*f**3 - 2*f + 1. Let w(x) = 2*x**2 - 82*x + 94. Let y be w(37). Let n = 203 + y. Determine i(n).
2
Let h(y) = -y**2 - 7*y - 5. Let k be h(-5). Let l(q) = q. Let b be l(10). Let f(a) = -10 + b - 5*a - 2 - 3*a**2 + 4*a**2. Give f(k).
-2
Let i(c) = -3*c**2 - 36*c + 30. Let y be i(-12). Suppose -d + 24 - y = 0. Let b(t) = 2*t + 4. Give b(d).
-8
Let c(l) = -l**2 + 3*l + 14. Let j(x) = -x**3 + 32*x**2 - 28*x - 76. Let s be j(31). Let w = s - 11. Give c(w).
-4
Let a(r) = 126*r**2 + 15 - 332*r**2 - r + 106*r**2 + 111*r**2 - r + r**3. Calculate a(-11).
37
Let d(q) = 13 - 210989*q + 0*q**2 + 210995*q - q**2. Determine d(10).
-27
Let o(p) = p**3 + 5*p**2 - 7*p + 6. Let g be o(-6). Suppose -5*i - g = 7*i. Let k(a) = -6*a**2 - 2*a. What is k(i)?
-4
Suppose -4*g - 163 = 3*q, 0*g + 4*g - 264 = 4*q. Let v = q + 118. Let b be 10/35 - v/(-21). Let p(l) = 2*l**2 - 4*l - 1. What is p(b)?
5
Let f(p) = -20*p + 16. Let d(i) = 64*i - 53. Let u(j) = -2*d(j) - 7*f(j). Calculate u(6).
66
Let f(r) be the second derivative of r**5/10 - 7*r**4/12 + 3*r**3/2 - r**2/2 - 1133*r. Calculate f(2).
5
Suppose 4*y - 7 - 1 = 0. Suppose -g - y*z = -10, -2*g - 3*z = -3*g - 10. Let c(r) = 32 - 17 + g*r - 3*r - 16. Calculate c(-3).
2
Let h(q) = 1 - 5 - 5*q**2 + 58*q**3 + 56*q**3 - 4*q - 115*q**3. Determine h(-3).
-10
Let b(f) = -21 - f**3 + 37 - 3*f + 6*f**2 - 10. Suppose 4*i - 36 = 3*s, 4*s + 32 = 2*i - s. Give b(i).
-12
Let m(b) = -3*b + 3. Let r(v) = v**3 + 5*v**2 - 3*v + 20. Let w be r(-6). Let a be m(w). Let x(q) = 4*q**2 + 4*q - 5*q - 2*q**2 + 2 - 3*q**2. Determine x(a).
-4
Let w be (19 - 2) + 2*-1. Suppose -6*z + z = -w. Let f(k) = 154*k - 88*k - 4 + 2 - 70*k. What is f(z)?
-14
Let v(l) = -2*l - 33. Let u = -227 + 240. Let z(o) = o + 15. Let b(s) = u*z(s) + 6*v(s). What is b(9)?
6
Suppose 0 = 12*w - 44 - 64. Let c(g) = 1. Let d(k) = -3*k + 23. Let x(j) = -2*c(j) + d(j). Let r be x(w). Let l(q) = -q - 6. Determine l(r).
0
Let y(q) be the first derivative of -2*q**2 - 5/3*q**3 - 6 - q - 1/4*q**4. What is y(-3)?
-7
Let q = 130 + -131. Let d be (-78)/(-273)*14/q. Let l(s) = 6*s + 2. Calculate l(d).
-22
Let h(u) = -2*u**2 + 5*u - 2. Let d(s) = 105*s**2 + 108*s**2 + 3 - 10*s - 210*s**2. Let w(m) = 4*d(m) + 7*h(m). Calculate w(-3).
-5
Let n(p) = 2308*p - 1516 + 1420 - 2311*p. Determine n(-30).
-6
Let d be 23/(-92) - 1/(8/(-66)). Let x(s) = -2*s + 21. Let c be x(d). Suppose 3*o + 5*m - 6 - 7 = 0, c = -o + 3*m. Let h(r) = r**3 - r. Give h(o).
0
Suppose -3*s - 2*s + 20 = -i, 5*s - 5 = -2*i. Suppose 5 = u, -4*m - 3*u + 8 = -s*m. Let f(b) = 0*b**2 + 14071*b - b**2 - 14078*b + 3. Give f(m).
3
Let i(n) be the third derivative of n**7/5040 + n**6/720 + n**5/60 + n**3/3 + 39*n**2. Let s(c) be the third derivative of i(c). What is s(-4)?
-3
Let l(j) = 3*j - 16867 + 8406 + 8404 + j**2. Calculate l(0).
-57
Let u(n) = 2*n**2 - 7*n - 51. Suppose 4*a - 59*s + 14 = -57*s, -13 = 4*a - 3*s. What is u(a)?
9
Let i = -432 - -434. Let n be (-18)/(-24)*4*4. Let s(d) = -6*d + i*d**2 + n*d - 7*d. Give s(1).
1
Let o(h) = 3*h**3 - 11*h**2 - h + 73. Let j(r) = -7*r**3 + 28*r**2 + 3*r - 147. Let k(u) = 2*j(u) + 5*o(u). Determine k(0).
71
Let g(a) = 13*a**2 + 25*a + 104. Let d(y) = -59*y**2 - 100*y - 414. Let m(i) = -2*d(i) - 9*g(i). What is m(-4)?
8
Let t(w) = -6*w + 105. Suppose 234*i - 164*i - 1190 = 0. What is t(i)?
3
Let p(f) = -5*f**3 + 26*f**2 - 9*f + 18. Let q(c) = -c**3 + 6*c**2 - 2*c + 4. Let s(o) = -2*p(o) + 9*q(o). Give s(2).
16
Let n(r) = 272763*r**2 - 3 + 0 - 272767*r**2 - 2*r**3. What is n(-3)?
15
Let x(t) = -33*t - 4*t**2 - 6 + 27*t - 22349*t**3 + 22348*t**3. Determine x(-2).
-2
Let t(s) = -s**2 - 14*s - 1. Let b(u) = 3*u**2 + 28*u + 3. Let g(d) = 2*b(d) + 5*t(d). Let h(l) = -l**2 + 32*l + 242. Let a be h(-6). What is g(a)?
1
Let z(i) = i**3 - 7*i**2 + 7*i - 6. Let u be z(6). Let g(r) = -48*r - 429. Let h be g(-9). Let b(q) = -q + 6 + u*q + 4*q**2 + 5*q - h. Determine b(-2).
11
Let z(w) = -151*w + 74. Let i(p) = 63*p - 29. Let x(f) = -12*i(f) - 5*z(f). Give x(-24).
2
Let w(s) = s**2 - 2*s + 2. Suppose z = -2*q - 838, -5*z - 56 + 918 = -2*q. Let o = 424 + q. Calculate w(o).
5
Let f(i) = 2*i**3 + 53*i**2 + 25*i - 22. Let k be f(-26). Let l(q) = 9 + 10 - 8*q + 2*q - 16 + k*q. Calculate l(-2).
7
Let h(k) = -19*k + 9. Suppose -2*v - 3*f = -17, 22 + 3 = v - 4*f. Let n(y) = 40*y - 19. Let q(l) = v*h(l) + 6*n(l). Let m be 4/14 + (-12)/(-7). Determine q(m).
-11
Suppose -4*l = 4*m + 48, -3 = -l + 5*m - m. Let k be (-4)/l + 2 + (-309)/27. Let t(w) = w + 7. Calculate t(k).
-2
Let n(k) = k**2 - k. Suppose 3*r = 4*f + 28 - 12, 0 = -5*r + f + 38. Let a = 0 + 6. Suppose 10 = -r*z - a. What is n(z)?
6
Let m be 15/25*2 - 12/(-15). Let o(s) = -s - 8*s - 5 + 2*s - s**m + 0*s. Determine o(-6).
1
Suppose 4 - 5 = -5*g - 3*b, 0 = -3*b - 24. Let q(j) = -j**3 + 6*j**2 - 6*j - 11. Calculate q(g).
-16
Let g(t) = -15*t**2 + 9*t - 22. Let p(q) = 22*q**2 - 13*q + 31. Let w(n) = -7*g(n) - 5*p(n). Suppose 5 = -5*x - 0*s + 2*s, -2*x - 2*s + 12 = 0. Determine w(x).
-4
Let t(s) = s**3 + 7*s**2 - s - 2. Let m be t(-7). Let i(p) = -8*p**2 - 5*p. Let a(f) = -f**2 - f. Let c(z) = m*a(z) - i(z). Give c(3).
27
Let a(l) = 1 - 1 - l**3 + 4 + 3 - 6*l**2. Let p = -53 + -43. Let d be ((-18)/(-8))/(36/p). Give a(d).
7
Let c = -780 - -782. Let p(f) = f**3 + f + 75*f**c - 3*f - 74*f**2 + f. Let y be -3*(-1 + 0 + 2). Determine p(y).
-15
Suppose 4*i = 2*t - 60, 3*i - 5*t = 2*i - 15. Let z be (-24)/(-10) + (-4)/100*i. Let w(n) = 7*n - 7. Give w(z).
14
Let d = 137 - 133. Suppose 0 = -2*f + 3 + 5. Let m(g) = 5*g - f*g + g + g. Give m(d).
12
Let o(w) = 3*w + 6. Let s = 115 + -115. Suppose s = -3*p - k - 3*k - 8, -5*p - 5*k = 15. What is o(p)?
-6
Let x(y) be the third derivative of y**6/120 - 13*y**5/60 - 5*y**4/8 + 3*y**3 + 1026*y**2. Let q = -30 + 44. What is x(q)?
4
Let l(z) = 22*z + 22. Let d(t) = 8*t + 7. Let v(u) = 14*d(u) - 5*l(u). Let o(c) = 46*c - 266. Let k be o(6). Calculate v(k).
8
Let p(o) = 76*o - 245. Let h(g) = -213*g + 734. Let u(w) = -3*h(w) - 8*p(w). Give u(8).
6
Let g(r) = -r**2 + 4*r - 4. Let y(n) be the first derivative of 3*n**2/2 - 50*n + 16. Let h be y(21). Let m = 16 - h. Calculate g(m).
-1
Let v(p) = -71*p + 342. Let i be 148/(-518) - 111/(-21). What is v(i)?
-13
Suppose -4*l - 2*c + c = 413, -5*l - 515 = c. Let x = l - -102. Let i(a) = a**3 - a**2 - a - 15. Give i(x).
-15
Let l(o) = -o**2 + 11*o - 22. Let b = -5230 + 5234. Give l(b).
6
Let x be -4*(-51)/(-34) + 11. Let i(w) = 2*w**2 - 3*w + 12. Determine i(x).
47
Let z(j) = 2 + 13*j**2 - j**3 - 6 - 93*j + 82*j - 25. Calculate z(12).
-17
Let w(q) = 2*q - 11. Let x(f) = 7*f - 43. Let d(r) = -4*w(r) + x(r). Suppose -4*u + 34 = -2*t, -3*u = 4*t - 12 + 3. Give d(u).
-6
Let s(f) = -4*f**2 + 31*f - 13. Let l be s(5). Let a(d) be the first derivative of -1/3*d**3 - l - 7*d - 1/2*d**2. Calculate a(0).
-7
Let h(c) be the second derivative of -c**6/360 - c**5/40 + c**4/24 + 7*c**3/6 - 40*c. Let i(k) be the second derivative of h(k). Calculate i(-3).
1
Let j(w) = -w**2 + 39*w - 290. Let g be j(11). Let o(a) = -14*a + 258. Give o(g).
6
Let x(d)